{"id":1101,"date":"2016-02-18T20:56:03","date_gmt":"2016-02-18T19:56:03","guid":{"rendered":"http:\/\/www.naturfotografen-online.de\/jbitzer\/?page_id=1101"},"modified":"2026-02-01T10:18:06","modified_gmt":"2026-02-01T09:18:06","slug":"voegel","status":"publish","type":"page","link":"https:\/\/www.naturfotografen-online.de\/jbitzer\/bildergalerien\/tiere\/voegel\/","title":{"rendered":"V\u00f6gel"},"content":{"rendered":"<ul>\n<li><a href=\"http:\/\/www.naturfotografen-online.de\/jbitzer\/bildergalerien\/tiere\/voegel\/afrikanische-voegel\/\"><em><strong>Afrikanische V\u00f6gel<\/strong><\/em><\/a><\/li>\n<li><strong><a href=\"http:\/\/www.naturfotografen-online.de\/jbitzer\/bildergalerien\/tiere\/voegel\/alke\/\"><em>Alke<\/em><\/a><\/strong><\/li>\n<li><strong><a href=\"http:\/\/www.naturfotografen-online.de\/jbitzer\/bildergalerien\/tiere\/voegel\/austernfischer\/\"><em>Austernfischer<\/em><\/a><\/strong><\/li>\n<li><strong><a href=\"http:\/\/www.naturfotografen-online.de\/jbitzer\/bildergalerien\/tiere\/voegel\/bartmeisen\/\"><em>Bartmeisen (<i>Panurus biarmicus<\/i>)<\/em><\/a><\/strong><\/li>\n<li><strong><a href=\"http:\/\/www.naturfotografen-online.de\/jbitzer\/bildergalerien\/tiere\/voegel\/basstoelpel\/\"><em>Ba\u00dft\u00f6lpel<\/em><\/a><\/strong><\/li>\n<li><strong><a href=\"http:\/\/www.naturfotografen-online.de\/jbitzer\/bildergalerien\/tiere\/voegel\/bienenfresser\/\"><em>Bienenfresser (<i>Merops apiaster<\/i>)<\/em><\/a><\/strong><\/li>\n<li><strong><em><a href=\"http:\/\/www.naturfotografen-online.de\/jbitzer\/bildergalerien\/reiseziele\/donaudelta-rumaenien\/blauracke\/\">Blauracke <\/a><a href=\"http:\/\/www.naturfotografen-online.de\/jbitzer\/bildergalerien\/tiere\/voegel\/bienenfresser\/\">(<\/a><a href=\"http:\/\/www.naturfotografen-online.de\/jbitzer\/bildergalerien\/tiere\/voegel\/bienenfresser\/\">Coracias garrulus)<\/a><\/em><\/strong><\/li>\n<li><strong><a href=\"http:\/\/www.naturfotografen-online.de\/jbitzer\/bildergalerien\/tiere\/voegel\/dreifarbenreiher\/\"><em>Dreifarbenreiher (<i>Egretta tricolor<\/i>)<\/em><\/a><\/strong><\/li>\n<li><strong><a href=\"http:\/\/www.naturfotografen-online.de\/jbitzer\/bildergalerien\/tiere\/voegel\/eiderente\/\"><em>Eiderente<\/em><\/a><\/strong><\/li>\n<li><strong><a href=\"http:\/\/www.naturfotografen-online.de\/jbitzer\/bildergalerien\/tiere\/voegel\/eisvogel\/\"><em>Eisvogel (Alcedo atthis)<\/em><\/a><\/strong><\/li>\n<li><strong><a href=\"http:\/\/www.naturfotografen-online.de\/jbitzer\/bildergalerien\/tiere\/voegel\/finkenvoegel\/\"><em>Finkenv\u00f6gel<\/em><\/a><\/strong><\/li>\n<li><strong><a href=\"http:\/\/www.naturfotografen-online.de\/jbitzer\/bildergalerien\/tiere\/voegel\/fischadler\/\"><em>Fischadler (<i>Pandion haliaetus<\/i>)<\/em><\/a><\/strong><\/li>\n<li><strong><a href=\"http:\/\/www.naturfotografen-online.de\/jbitzer\/bildergalerien\/tiere\/voegel\/gaense\/\"><em>G\u00e4nse<\/em><\/a><\/strong><\/li>\n<li><strong><a href=\"http:\/\/www.naturfotografen-online.de\/jbitzer\/bildergalerien\/tiere\/voegel\/grasmuecken\/\"><em>Grasm\u00fccken<\/em><\/a><\/strong><\/li>\n<li><strong><a href=\"http:\/\/www.naturfotografen-online.de\/jbitzer\/bildergalerien\/tiere\/voegel\/grauammer\/\"><em>Grauammer<\/em><\/a><\/strong><\/li>\n<li><strong><a href=\"http:\/\/www.naturfotografen-online.de\/jbitzer\/bildergalerien\/tiere\/voegel\/haubentaucher\/\"><em>Haubentaucher (<i>Podiceps cristatus<\/i>)<\/em><\/a><\/strong><\/li>\n<li><strong><a href=\"http:\/\/www.naturfotografen-online.de\/jbitzer\/bildergalerien\/tiere\/voegel\/kampflaeufer\/\"><em>Kampfl\u00e4ufer (<i>Philomachus pugnax<\/i>)<\/em><\/a><\/strong><\/li>\n<li><strong><a href=\"https:\/\/www.naturfotografen-online.de\/jbitzer\/bildergalerien\/tiere\/voegel\/kormoran\/\"><em>Kormoran<\/em><\/a><\/strong><\/li>\n<li><strong><a href=\"http:\/\/www.naturfotografen-online.de\/jbitzer\/bildergalerien\/tiere\/voegel\/lerchen\/\"><em>Lerchen<\/em><\/a><\/strong><\/li>\n<li><strong><a href=\"http:\/\/www.naturfotografen-online.de\/jbitzer\/bildergalerien\/tiere\/voegel\/mandschurenkranich\/\"><em>Mandschurenkranich (Grus Japonensis)<\/em><\/a><\/strong><\/li>\n<li><strong><a href=\"http:\/\/www.naturfotografen-online.de\/jbitzer\/bildergalerien\/tiere\/voegel\/maeusebussard\/\"><em>M\u00e4usebussard<\/em><\/a><\/strong><\/li>\n<li><strong><a href=\"http:\/\/www.naturfotografen-online.de\/jbitzer\/bildergalerien\/tiere\/voegel\/moewen\/\"><em>M\u00f6wen<\/em><\/a><\/strong><\/li>\n<li><strong><a href=\"http:\/\/www.naturfotografen-online.de\/jbitzer\/bildergalerien\/reiseziele\/donaudelta-rumaenien\/nachtreiher\/\"><em>Nachtreiher<\/em><\/a><\/strong><\/li>\n<li><strong><em><a href=\"https:\/\/www.naturfotografen-online.de\/jbitzer\/bildergalerien\/tiere\/voegel\/ohrentaucher\/\">Ohrentaucher<\/a><\/em><\/strong><\/li>\n<li><strong><a href=\"http:\/\/www.naturfotografen-online.de\/jbitzer\/bildergalerien\/reiseziele\/donaudelta-rumaenien\/rallenreiher\/\"><em>Rallenreiher (Ardeola ralloides)<\/em><\/a><\/strong><\/li>\n<li><strong><a href=\"http:\/\/www.naturfotografen-online.de\/jbitzer\/bildergalerien\/tiere\/voegel\/riesenseeadler\/\"><em>Riesenseeadler (<i>Haliaeetus pelagicus<\/i>)<\/em><\/a><\/strong><\/li>\n<li><strong><a href=\"http:\/\/www.naturfotografen-online.de\/jbitzer\/bildergalerien\/tiere\/voegel\/rohrsaenger\/\"><em>Rohrs\u00e4nger<\/em><\/a><\/strong><\/li>\n<li><strong><a href=\"http:\/\/www.naturfotografen-online.de\/jbitzer\/bildergalerien\/tiere\/voegel\/roetelreiher\/\"><em>R\u00f6telreiher (<i>Egretta rufescens<\/i>)<\/em><\/a><\/strong><\/li>\n<li><strong><a href=\"http:\/\/www.naturfotografen-online.de\/jbitzer\/bildergalerien\/tiere\/voegel\/rosapelikan\/\"><em>Rosapelikan (<i>Pelecanus onocrotalus<\/i>)<\/em><\/a><\/strong><\/li>\n<li><strong><a href=\"http:\/\/www.naturfotografen-online.de\/jbitzer\/bildergalerien\/tiere\/voegel\/sanderlinge\/\"><em>Sanderling<\/em><\/a><\/strong><\/li>\n<li><strong><a href=\"http:\/\/www.naturfotografen-online.de\/jbitzer\/bildergalerien\/tiere\/voegel\/schmuckreiher\/\"><em><i>Schmuckreiher <\/i><i>(Egretta thula)<\/i><\/em><\/a><\/strong><\/li>\n<li><strong><a href=\"http:\/\/www.naturfotografen-online.de\/jbitzer\/bildergalerien\/tiere\/voegel\/schwalben\/\"><em><i>Schwalben<\/i><\/em><\/a><\/strong><\/li>\n<li><strong><a href=\"https:\/\/www.naturfotografen-online.de\/jbitzer\/bildergalerien\/tiere\/voegel\/seetaucher\/\"><em>Seetaucher<\/em><\/a><\/strong><\/li>\n<li><strong><em><a href=\"http:\/\/www.naturfotografen-online.de\/jbitzer\/bildergalerien\/tiere\/voegel\/silberreiher\/\">Silberreiher (Ardea alba)<\/a><\/em><\/strong><\/li>\n<li><strong><a href=\"http:\/\/www.naturfotografen-online.de\/jbitzer\/bildergalerien\/tiere\/voegel\/sperlingskauz\/\"><em>Sperlingskauz (Glaucidium passerinum)<\/em><\/a><\/strong><\/li>\n<li><a href=\"https:\/\/www.naturfotografen-online.de\/jbitzer\/monatsbilder\/februar-2026\/\"><em><strong>Spornkuckuck (Centropus senegalensis)<\/strong><\/em><\/a><\/li>\n<li><strong><a href=\"http:\/\/www.naturfotografen-online.de\/jbitzer\/bildergalerien\/tiere\/voegel\/stelzen-und-pieper\/\"><em>Stelzen und Pieper<\/em><\/a><\/strong><\/li>\n<li><strong><a href=\"http:\/\/www.naturfotografen-online.de\/jbitzer\/bildergalerien\/tiere\/voegel\/star\/\"><em>Stare<\/em><\/a><\/strong><\/li>\n<li><strong><a href=\"http:\/\/www.naturfotografen-online.de\/jbitzer\/bildergalerien\/tiere\/voegel\/steinschmaetzer\/\"><em>Steinschm\u00e4tzer<\/em><\/a><\/strong><\/li>\n<li><strong><a href=\"http:\/\/www.naturfotografen-online.de\/jbitzer\/bildergalerien\/tiere\/voegel\/vogelwelt-im-pantanal\/\"><em>Vogelwelt im Pantanal<\/em><\/a><\/strong><\/li>\n<li><strong><a href=\"http:\/\/www.naturfotografen-online.de\/jbitzer\/bildergalerien\/tiere\/voegel\/wasseramsel\/\"><em>Wasseramsel (Cinclus cinclus)<\/em><\/a><\/strong><\/li>\n<li><strong><a href=\"http:\/\/www.naturfotografen-online.de\/jbitzer\/bildergalerien\/tiere\/voegel\/wiedehopf-2\/\"><em>Wiedehopf (Upupa epops)<\/em><\/a><\/strong><\/li>\n<li><strong><a href=\"http:\/\/www.naturfotografen-online.de\/jbitzer\/bildergalerien\/tiere\/voegel\/wuerger\/\"><em>W\u00fcrger<\/em><\/a><\/strong><\/li>\n<\/ul>\n<p>&nbsp;<\/p>\n<p>&nbsp;<\/p>\n","protected":false},"excerpt":{"rendered":"<p>Afrikanische V\u00f6gel Alke Austernfischer Bartmeisen (Panurus biarmicus) Ba\u00dft\u00f6lpel Bienenfresser (Merops apiaster) Blauracke (Coracias garrulus) Dreifarbenreiher (Egretta tricolor) Eiderente Eisvogel (Alcedo atthis) Finkenv\u00f6gel Fischadler (Pandion haliaetus) G\u00e4nse Grasm\u00fccken Grauammer Haubentaucher (Podiceps cristatus) Kampfl\u00e4ufer (Philomachus pugnax) Kormoran Lerchen Mandschurenkranich (Grus Japonensis) M\u00e4usebussard M\u00f6wen Nachtreiher Ohrentaucher Rallenreiher (Ardeola ralloides) Riesenseeadler (Haliaeetus pelagicus) Rohrs\u00e4nger R\u00f6telreiher (Egretta rufescens) Rosapelikan (Pelecanus &hellip; <a href=\"https:\/\/www.naturfotografen-online.de\/jbitzer\/bildergalerien\/tiere\/voegel\/\" class=\"more-link\"><span class=\"screen-reader-text\">V\u00f6gel<\/span> weiterlesen <span class=\"meta-nav\">&rarr;<\/span><\/a><\/p>\n","protected":false},"author":2,"featured_media":0,"parent":1037,"menu_order":0,"comment_status":"closed","ping_status":"closed","template":"page-templates\/full-width.php","meta":[],"_links":{"self":[{"href":"https:\/\/www.naturfotografen-online.de\/jbitzer\/wp-json\/wp\/v2\/pages\/1101"}],"collection":[{"href":"https:\/\/www.naturfotografen-online.de\/jbitzer\/wp-json\/wp\/v2\/pages"}],"about":[{"href":"https:\/\/www.naturfotografen-online.de\/jbitzer\/wp-json\/wp\/v2\/types\/page"}],"author":[{"embeddable":true,"href":"https:\/\/www.naturfotografen-online.de\/jbitzer\/wp-json\/wp\/v2\/users\/2"}],"replies":[{"embeddable":true,"href":"https:\/\/www.naturfotografen-online.de\/jbitzer\/wp-json\/wp\/v2\/comments?post=1101"}],"version-history":[{"count":55,"href":"https:\/\/www.naturfotografen-online.de\/jbitzer\/wp-json\/wp\/v2\/pages\/1101\/revisions"}],"predecessor-version":[{"id":7641,"href":"https:\/\/www.naturfotografen-online.de\/jbitzer\/wp-json\/wp\/v2\/pages\/1101\/revisions\/7641"}],"up":[{"embeddable":true,"href":"https:\/\/www.naturfotografen-online.de\/jbitzer\/wp-json\/wp\/v2\/pages\/1037"}],"wp:attachment":[{"href":"https:\/\/www.naturfotografen-online.de\/jbitzer\/wp-json\/wp\/v2\/media?parent=1101"}],"curies":[{"name":"wp","href":"https:\/\/api.w.org\/{rel}","templated":true}]}}