{"id":11841,"date":"2018-04-27T14:41:09","date_gmt":"2018-04-27T12:41:09","guid":{"rendered":"http:\/\/www.naturfotografen-online.de\/wp\/wp-content\/uploads\/2016\/02\/1219943-Pano.jpg"},"modified":"2018-04-27T14:41:46","modified_gmt":"2018-04-27T12:41:46","slug":"blick-ueber-das-lenninger-tal-schwaebische-alb-baden-wuerttemberg-deutschland","status":"inherit","type":"attachment","link":"https:\/\/www.naturfotografen-online.de\/wp\/bildergalerien-2\/landschaften-2\/panoramen\/attachment\/blick-ueber-das-lenninger-tal-schwaebische-alb-baden-wuerttemberg-deutschland\/","title":{"rendered":"Blick \u00fcber das Lenninger Tal, Schw\u00e4bische Alb, Baden-W\u00fcrttemberg, Deutschland"},"author":1,"featured_media":0,"comment_status":"closed","ping_status":"closed","template":"","meta":[],"class_list":["post-11841","attachment","type-attachment","status-inherit","hentry"],"description":{"rendered":"<p class=\"attachment\"><a href='https:\/\/www.naturfotografen-online.de\/wp\/wp-content\/uploads\/2016\/02\/1219943-Pano.jpg'><img loading=\"lazy\" decoding=\"async\" width=\"1500\" height=\"604\" src=\"https:\/\/www.naturfotografen-online.de\/wp\/wp-content\/uploads\/2016\/02\/1219943-Pano.jpg\" class=\"attachment-medium size-medium\" alt=\"Blick \u00fcber das Lenninger Tal, Schw\u00e4bische Alb, Baden-W\u00fcrttemberg, Deutschland\" \/><\/a><\/p>\n"},"caption":{"rendered":"<p>Blick \u00fcber das Lenninger Tal, Schw\u00e4bische Alb, Baden-W\u00fcrttemberg, Deutschland<\/p>\n"},"alt_text":"Blick \u00fcber das Lenninger Tal, Schw\u00e4bische Alb, Baden-W\u00fcrttemberg, Deutschland","media_type":"image","mime_type":"image\/jpeg","media_details":{"width":1500,"height":604,"file":"2016\/02\/1219943-Pano.jpg","sizes":{"thumbnail":{"file":"1219943-Pano-120x120.jpg","width":120,"height":120,"mime_type":"image\/jpeg","source_url":"https:\/\/www.naturfotografen-online.de\/wp\/wp-content\/uploads\/2016\/02\/1219943-Pano-120x120.jpg"},"post-thumbnail":{"file":"1219943-Pano-672x372.jpg","width":672,"height":372,"mime_type":"image\/jpeg","source_url":"https:\/\/www.naturfotografen-online.de\/wp\/wp-content\/uploads\/2016\/02\/1219943-Pano-672x372.jpg"},"twentyfourteen-full-width":{"file":"1219943-Pano-1038x576.jpg","width":1038,"height":576,"mime_type":"image\/jpeg","source_url":"https:\/\/www.naturfotografen-online.de\/wp\/wp-content\/uploads\/2016\/02\/1219943-Pano-1038x576.jpg"},"full":{"file":"1219943-Pano.jpg","width":1500,"height":604,"mime_type":"image\/jpeg","source_url":"https:\/\/www.naturfotografen-online.de\/wp\/wp-content\/uploads\/2016\/02\/1219943-Pano.jpg"}},"image_meta":{"aperture":"8","credit":"Rolf Mueller","camera":"Canon EOS 7D","caption":"Blick \u00fcber das Lenninger Tal, Schw\u00e4bische Alb, Baden-W\u00fcrttemberg, Deutschland","created_timestamp":"1353419615","copyright":"Rolf Mueller, Keine Vergabe von Exklusivrechten","focal_length":"100","iso":"200","shutter_speed":"0.0025","title":"Blick \u00fcber das Lenninger Tal, Schw\u00e4bische Alb, Baden-W\u00fcrttemberg, Deutschland","orientation":"1","keywords":["Alb","Albhochfl\u00e4che","Alblandschaften","Ausblick","Baden-W\u00fcrttemberg","Biosph\u00e4rengebiet","Biosph\u00e4rengebiet Schw\u00e4bische Alb","Deutschland","Felsen","Felslandschaft","Gutenberg","Herbst","Herbstfarben","Herbstf\u00e4rbung","Herbstlandschaft","Herbstlaub","Krebsstein","Landschaften","Lenningen","Lenninger Tal","Mueller","M\u00fcller","Rolf Mueller","Rolf M\u00fcller","Schw\u00e4bische Alb","landscape","rmkt","\u00dcberblick"]}},"post":2955,"source_url":"https:\/\/www.naturfotografen-online.de\/wp\/wp-content\/uploads\/2016\/02\/1219943-Pano.jpg","_links":{"self":[{"href":"https:\/\/www.naturfotografen-online.de\/wp\/wp-json\/wp\/v2\/media\/11841","targetHints":{"allow":["GET"]}}],"collection":[{"href":"https:\/\/www.naturfotografen-online.de\/wp\/wp-json\/wp\/v2\/media"}],"about":[{"href":"https:\/\/www.naturfotografen-online.de\/wp\/wp-json\/wp\/v2\/types\/attachment"}],"author":[{"embeddable":true,"href":"https:\/\/www.naturfotografen-online.de\/wp\/wp-json\/wp\/v2\/users\/1"}],"replies":[{"embeddable":true,"href":"https:\/\/www.naturfotografen-online.de\/wp\/wp-json\/wp\/v2\/comments?post=11841"}]}}

Blick über das Lenninger Tal, Schwäbische Alb, Baden-Württemberg, Deutschland

<p class="attachment"><a href='https://www.naturfotografen-online.de/wp/wp-content/uploads/2016/02/1219943-Pano.jpg'><img loading="lazy" decoding="async" width="1500" height="604" src="https://www.naturfotografen-online.de/wp/wp-content/uploads/2016/02/1219943-Pano.jpg" class="attachment-medium size-medium" alt="Blick über das Lenninger Tal, Schwäbische Alb, Baden-Württemberg, Deutschland" /></a></p>

<p>Blick über das Lenninger Tal, Schwäbische Alb, Baden-Württemberg, Deutschland</p>

Albhochfläche

Baden-Württemberg

Biosphärengebiet

Biosphärengebiet Schwäbische Alb

Herbstfärbung

Müller

Rolf Müller

Schwäbische Alb

Überblick
